{"id":160,"date":"2023-08-21T11:06:19","date_gmt":"2023-08-21T11:06:19","guid":{"rendered":"https:\/\/sewmom.es\/?post_type=product&#038;p=160"},"modified":"2023-08-23T11:13:06","modified_gmt":"2023-08-23T11:13:06","slug":"muselinas","status":"publish","type":"product","link":"https:\/\/sewmom.es\/en\/product\/muselinas\/","title":{"rendered":"Muslins"},"content":{"rendered":"","protected":false},"excerpt":{"rendered":"<p><span style=\"color: #333333;\">Fine, soft and light cotton.<\/span><\/p>\n<p><span style=\"color: #333333;\"><br \/>\nTwo sizes available:<\/span><\/p>\n<ul>\n<li><span style=\"color: #333333;\">80 x 80 PRICE 25\u20ac<\/span><\/li>\n<li><span style=\"color: #333333;\">\u00a055 x 55 PRICE 19\u20ac<\/span><\/li>\n<\/ul>\n<p>A star accessory in summer as it has multiple uses... Placing it over the hood of the stroller during naps while out and about, during quiet moments during feedings, and of course, widely used in the swaddling technique, which consists of wrapping the baby completely except for his head.<\/p>\n<p><span style=\"color: #333333;\">Rocking your baby is, above all, about helping him\/her adapt to his\/her new environment and supporting him\/her in this transition.<br \/>\nIt will help you relax and calm down, providing security and protection.<\/span><\/p>\n<p><span style=\"color: #333333;\">COMPOSITION AND CARE<\/span><\/p>\n<ul>\n<li><span style=\"color: #333333;\">100% organic cotton fabric with Oekotex certificate.<\/span><\/li>\n<li><span style=\"color: #333333;\">Wash by hand or machine at a maximum of 30\u00b0C on a delicate program.<\/span><\/li>\n<li><span style=\"color: #333333;\">Iron at low temperature. Do not use bleach.<br \/>\n<\/span><\/li>\n<\/ul>","protected":false},"featured_media":240,"comment_status":"open","ping_status":"closed","template":"","meta":[],"product_brand":[],"product_cat":[23],"product_tag":[],"class_list":{"0":"post-160","1":"product","2":"type-product","3":"status-publish","4":"has-post-thumbnail","6":"product_cat-arrullos-y-muselinas","8":"first","9":"instock","10":"taxable","11":"shipping-taxable","12":"purchasable","13":"product-type-simple"},"yoast_head":"<!-- This site is optimized with the Yoast SEO plugin v27.5 - https:\/\/yoast.com\/product\/yoast-seo-wordpress\/ -->\n<title>Muselinas - sewmom<\/title>\n<meta name=\"robots\" content=\"index, follow, max-snippet:-1, max-image-preview:large, max-video-preview:-1\" \/>\n<link rel=\"canonical\" href=\"https:\/\/sewmom.es\/en\/product\/muselinas\/\" \/>\n<meta property=\"og:locale\" content=\"en_GB\" \/>\n<meta property=\"og:type\" content=\"article\" \/>\n<meta property=\"og:title\" content=\"Muselinas - sewmom\" \/>\n<meta property=\"og:description\" content=\"Algod\u00f3n fino, suave y ligero.   Dos medidas disponibles:   80 x 80 PRECIO 25\u20ac  \u00a055 x 55 PRECIO 19\u20ac  Complemento estrella en verano ya que tiene m\u00faltiples usos... Coloc\u00e1ndola por encima de la capota del cochecito en sus siestas de paseo, en los momentos tranquilos de las tomas, y como no, muy empleada en la t\u00e9cnica del arrullo, consiste en envolverle de forma completa exceptuando su cabecita.  Arrullar al beb\u00e9 es, sobre todo, ayudarl@ a adaptarse a su nuevo entorno y apoyarle en esa transici\u00f3n. Le ayudar\u00e1 a relajarse y calmarse aportando seguridad y protecci\u00f3n.  COMPOSICI\u00d3N Y CUIDADOS   Tejido 100% algod\u00f3n org\u00e1nico con certificado Oekotex.  Lavar a mano o a m\u00e1quina m\u00e1ximo a 30\u00b0C en programa para prendas delicadas.  Planchar a temperatura baja. No usar lej\u00edas.\" \/>\n<meta property=\"og:url\" content=\"https:\/\/sewmom.es\/en\/product\/muselinas\/\" \/>\n<meta property=\"og:site_name\" content=\"sewmom\" \/>\n<meta property=\"article:modified_time\" content=\"2023-08-23T11:13:06+00:00\" \/>\n<meta property=\"og:image\" content=\"https:\/\/sewmom.es\/wp-content\/uploads\/2023\/08\/muselina-sewmom.jpg\" \/>\n\t<meta property=\"og:image:width\" content=\"1080\" \/>\n\t<meta property=\"og:image:height\" content=\"1080\" \/>\n\t<meta property=\"og:image:type\" content=\"image\/jpeg\" \/>\n<meta name=\"twitter:card\" content=\"summary_large_image\" \/>\n<script type=\"application\/ld+json\" class=\"yoast-schema-graph\">{\"@context\":\"https:\\\/\\\/schema.org\",\"@graph\":[{\"@type\":\"WebPage\",\"@id\":\"https:\\\/\\\/sewmom.es\\\/producto\\\/muselinas\\\/\",\"url\":\"https:\\\/\\\/sewmom.es\\\/producto\\\/muselinas\\\/\",\"name\":\"Muselinas - sewmom\",\"isPartOf\":{\"@id\":\"https:\\\/\\\/sewmom.es\\\/#website\"},\"primaryImageOfPage\":{\"@id\":\"https:\\\/\\\/sewmom.es\\\/producto\\\/muselinas\\\/#primaryimage\"},\"image\":{\"@id\":\"https:\\\/\\\/sewmom.es\\\/producto\\\/muselinas\\\/#primaryimage\"},\"thumbnailUrl\":\"https:\\\/\\\/sewmom.es\\\/wp-content\\\/uploads\\\/2023\\\/08\\\/muselina-sewmom.jpg\",\"datePublished\":\"2023-08-21T11:06:19+00:00\",\"dateModified\":\"2023-08-23T11:13:06+00:00\",\"breadcrumb\":{\"@id\":\"https:\\\/\\\/sewmom.es\\\/producto\\\/muselinas\\\/#breadcrumb\"},\"inLanguage\":\"en-GB\",\"potentialAction\":[{\"@type\":\"ReadAction\",\"target\":[\"https:\\\/\\\/sewmom.es\\\/producto\\\/muselinas\\\/\"]}]},{\"@type\":\"ImageObject\",\"inLanguage\":\"en-GB\",\"@id\":\"https:\\\/\\\/sewmom.es\\\/producto\\\/muselinas\\\/#primaryimage\",\"url\":\"https:\\\/\\\/sewmom.es\\\/wp-content\\\/uploads\\\/2023\\\/08\\\/muselina-sewmom.jpg\",\"contentUrl\":\"https:\\\/\\\/sewmom.es\\\/wp-content\\\/uploads\\\/2023\\\/08\\\/muselina-sewmom.jpg\",\"width\":1080,\"height\":1080},{\"@type\":\"BreadcrumbList\",\"@id\":\"https:\\\/\\\/sewmom.es\\\/producto\\\/muselinas\\\/#breadcrumb\",\"itemListElement\":[{\"@type\":\"ListItem\",\"position\":1,\"name\":\"Portada\",\"item\":\"https:\\\/\\\/sewmom.es\\\/\"},{\"@type\":\"ListItem\",\"position\":2,\"name\":\"Tienda\",\"item\":\"https:\\\/\\\/sewmom.es\\\/tienda\\\/\"},{\"@type\":\"ListItem\",\"position\":3,\"name\":\"Muselinas\"}]},{\"@type\":\"WebSite\",\"@id\":\"https:\\\/\\\/sewmom.es\\\/#website\",\"url\":\"https:\\\/\\\/sewmom.es\\\/\",\"name\":\"sewmom\",\"description\":\"Ropa personalizada para beb&eacute;s\",\"publisher\":{\"@id\":\"https:\\\/\\\/sewmom.es\\\/#organization\"},\"potentialAction\":[{\"@type\":\"SearchAction\",\"target\":{\"@type\":\"EntryPoint\",\"urlTemplate\":\"https:\\\/\\\/sewmom.es\\\/?s={search_term_string}\"},\"query-input\":{\"@type\":\"PropertyValueSpecification\",\"valueRequired\":true,\"valueName\":\"search_term_string\"}}],\"inLanguage\":\"en-GB\"},{\"@type\":\"Organization\",\"@id\":\"https:\\\/\\\/sewmom.es\\\/#organization\",\"name\":\"sewmom\",\"url\":\"https:\\\/\\\/sewmom.es\\\/\",\"logo\":{\"@type\":\"ImageObject\",\"inLanguage\":\"en-GB\",\"@id\":\"https:\\\/\\\/sewmom.es\\\/#\\\/schema\\\/logo\\\/image\\\/\",\"url\":\"https:\\\/\\\/sewmom.es\\\/wp-content\\\/uploads\\\/2023\\\/06\\\/cropped-sewmom.png\",\"contentUrl\":\"https:\\\/\\\/sewmom.es\\\/wp-content\\\/uploads\\\/2023\\\/06\\\/cropped-sewmom.png\",\"width\":413,\"height\":118,\"caption\":\"sewmom\"},\"image\":{\"@id\":\"https:\\\/\\\/sewmom.es\\\/#\\\/schema\\\/logo\\\/image\\\/\"}}]}<\/script>\n<!-- \/ Yoast SEO plugin. -->","yoast_head_json":{"title":"Muselinas - sewmom","robots":{"index":"index","follow":"follow","max-snippet":"max-snippet:-1","max-image-preview":"max-image-preview:large","max-video-preview":"max-video-preview:-1"},"canonical":"https:\/\/sewmom.es\/en\/product\/muselinas\/","og_locale":"en_GB","og_type":"article","og_title":"Muselinas - sewmom","og_description":"Algod\u00f3n fino, suave y ligero.   Dos medidas disponibles:   80 x 80 PRECIO 25\u20ac  \u00a055 x 55 PRECIO 19\u20ac  Complemento estrella en verano ya que tiene m\u00faltiples usos... Coloc\u00e1ndola por encima de la capota del cochecito en sus siestas de paseo, en los momentos tranquilos de las tomas, y como no, muy empleada en la t\u00e9cnica del arrullo, consiste en envolverle de forma completa exceptuando su cabecita.  Arrullar al beb\u00e9 es, sobre todo, ayudarl@ a adaptarse a su nuevo entorno y apoyarle en esa transici\u00f3n. Le ayudar\u00e1 a relajarse y calmarse aportando seguridad y protecci\u00f3n.  COMPOSICI\u00d3N Y CUIDADOS   Tejido 100% algod\u00f3n org\u00e1nico con certificado Oekotex.  Lavar a mano o a m\u00e1quina m\u00e1ximo a 30\u00b0C en programa para prendas delicadas.  Planchar a temperatura baja. No usar lej\u00edas.","og_url":"https:\/\/sewmom.es\/en\/product\/muselinas\/","og_site_name":"sewmom","article_modified_time":"2023-08-23T11:13:06+00:00","og_image":[{"width":1080,"height":1080,"url":"https:\/\/sewmom.es\/wp-content\/uploads\/2023\/08\/muselina-sewmom.jpg","type":"image\/jpeg"}],"twitter_card":"summary_large_image","schema":{"@context":"https:\/\/schema.org","@graph":[{"@type":"WebPage","@id":"https:\/\/sewmom.es\/producto\/muselinas\/","url":"https:\/\/sewmom.es\/producto\/muselinas\/","name":"Muselinas - sewmom","isPartOf":{"@id":"https:\/\/sewmom.es\/#website"},"primaryImageOfPage":{"@id":"https:\/\/sewmom.es\/producto\/muselinas\/#primaryimage"},"image":{"@id":"https:\/\/sewmom.es\/producto\/muselinas\/#primaryimage"},"thumbnailUrl":"https:\/\/sewmom.es\/wp-content\/uploads\/2023\/08\/muselina-sewmom.jpg","datePublished":"2023-08-21T11:06:19+00:00","dateModified":"2023-08-23T11:13:06+00:00","breadcrumb":{"@id":"https:\/\/sewmom.es\/producto\/muselinas\/#breadcrumb"},"inLanguage":"en-GB","potentialAction":[{"@type":"ReadAction","target":["https:\/\/sewmom.es\/producto\/muselinas\/"]}]},{"@type":"ImageObject","inLanguage":"en-GB","@id":"https:\/\/sewmom.es\/producto\/muselinas\/#primaryimage","url":"https:\/\/sewmom.es\/wp-content\/uploads\/2023\/08\/muselina-sewmom.jpg","contentUrl":"https:\/\/sewmom.es\/wp-content\/uploads\/2023\/08\/muselina-sewmom.jpg","width":1080,"height":1080},{"@type":"BreadcrumbList","@id":"https:\/\/sewmom.es\/producto\/muselinas\/#breadcrumb","itemListElement":[{"@type":"ListItem","position":1,"name":"Portada","item":"https:\/\/sewmom.es\/"},{"@type":"ListItem","position":2,"name":"Tienda","item":"https:\/\/sewmom.es\/tienda\/"},{"@type":"ListItem","position":3,"name":"Muselinas"}]},{"@type":"WebSite","@id":"https:\/\/sewmom.es\/#website","url":"https:\/\/sewmom.es\/","name":"sewmom","description":"Ropa personalizada para beb&eacute;s","publisher":{"@id":"https:\/\/sewmom.es\/#organization"},"potentialAction":[{"@type":"SearchAction","target":{"@type":"EntryPoint","urlTemplate":"https:\/\/sewmom.es\/?s={search_term_string}"},"query-input":{"@type":"PropertyValueSpecification","valueRequired":true,"valueName":"search_term_string"}}],"inLanguage":"en-GB"},{"@type":"Organization","@id":"https:\/\/sewmom.es\/#organization","name":"sewmom","url":"https:\/\/sewmom.es\/","logo":{"@type":"ImageObject","inLanguage":"en-GB","@id":"https:\/\/sewmom.es\/#\/schema\/logo\/image\/","url":"https:\/\/sewmom.es\/wp-content\/uploads\/2023\/06\/cropped-sewmom.png","contentUrl":"https:\/\/sewmom.es\/wp-content\/uploads\/2023\/06\/cropped-sewmom.png","width":413,"height":118,"caption":"sewmom"},"image":{"@id":"https:\/\/sewmom.es\/#\/schema\/logo\/image\/"}}]}},"_links":{"self":[{"href":"https:\/\/sewmom.es\/en\/wp-json\/wp\/v2\/product\/160","targetHints":{"allow":["GET"]}}],"collection":[{"href":"https:\/\/sewmom.es\/en\/wp-json\/wp\/v2\/product"}],"about":[{"href":"https:\/\/sewmom.es\/en\/wp-json\/wp\/v2\/types\/product"}],"replies":[{"embeddable":true,"href":"https:\/\/sewmom.es\/en\/wp-json\/wp\/v2\/comments?post=160"}],"wp:featuredmedia":[{"embeddable":true,"href":"https:\/\/sewmom.es\/en\/wp-json\/wp\/v2\/media\/240"}],"wp:attachment":[{"href":"https:\/\/sewmom.es\/en\/wp-json\/wp\/v2\/media?parent=160"}],"wp:term":[{"taxonomy":"product_brand","embeddable":true,"href":"https:\/\/sewmom.es\/en\/wp-json\/wp\/v2\/product_brand?post=160"},{"taxonomy":"product_cat","embeddable":true,"href":"https:\/\/sewmom.es\/en\/wp-json\/wp\/v2\/product_cat?post=160"},{"taxonomy":"product_tag","embeddable":true,"href":"https:\/\/sewmom.es\/en\/wp-json\/wp\/v2\/product_tag?post=160"}],"curies":[{"name":"wp","href":"https:\/\/api.w.org\/{rel}","templated":true}]}}

<!-- This site is optimized with the Yoast SEO plugin v27.5 - https://yoast.com/product/yoast-seo-wordpress/ -->
<title>Muselinas - sewmom</title>
<meta name="robots" content="index, follow, max-snippet:-1, max-image-preview:large, max-video-preview:-1" />
<link rel="canonical" href="https://sewmom.es/en/product/muselinas/" />
<meta property="og:locale" content="en_GB" />
<meta property="og:type" content="article" />
<meta property="og:title" content="Muselinas - sewmom" />
<meta property="og:description" content="Algodón fino, suave y ligero.   Dos medidas disponibles:   80 x 80 PRECIO 25€   55 x 55 PRECIO 19€  Complemento estrella en verano ya que tiene múltiples usos... Colocándola por encima de la capota del cochecito en sus siestas de paseo, en los momentos tranquilos de las tomas, y como no, muy empleada en la técnica del arrullo, consiste en envolverle de forma completa exceptuando su cabecita.  Arrullar al bebé es, sobre todo, ayudarl@ a adaptarse a su nuevo entorno y apoyarle en esa transición. Le ayudará a relajarse y calmarse aportando seguridad y protección.  COMPOSICIÓN Y CUIDADOS   Tejido 100% algodón orgánico con certificado Oekotex.  Lavar a mano o a máquina máximo a 30°C en programa para prendas delicadas.  Planchar a temperatura baja. No usar lejías." />
<meta property="og:url" content="https://sewmom.es/en/product/muselinas/" />
<meta property="og:site_name" content="sewmom" />
<meta property="article:modified_time" content="2023-08-23T11:13:06+00:00" />
<meta property="og:image" content="https://sewmom.es/wp-content/uploads/2023/08/muselina-sewmom.jpg" />
	<meta property="og:image:width" content="1080" />
	<meta property="og:image:height" content="1080" />
	<meta property="og:image:type" content="image/jpeg" />
<meta name="twitter:card" content="summary_large_image" />
<script type="application/ld+json" class="yoast-schema-graph">{"@context":"https:\/\/schema.org","@graph":[{"@type":"WebPage","@id":"https:\/\/sewmom.es\/producto\/muselinas\/","url":"https:\/\/sewmom.es\/producto\/muselinas\/","name":"Muselinas - sewmom","isPartOf":{"@id":"https:\/\/sewmom.es\/#website"},"primaryImageOfPage":{"@id":"https:\/\/sewmom.es\/producto\/muselinas\/#primaryimage"},"image":{"@id":"https:\/\/sewmom.es\/producto\/muselinas\/#primaryimage"},"thumbnailUrl":"https:\/\/sewmom.es\/wp-content\/uploads\/2023\/08\/muselina-sewmom.jpg","datePublished":"2023-08-21T11:06:19+00:00","dateModified":"2023-08-23T11:13:06+00:00","breadcrumb":{"@id":"https:\/\/sewmom.es\/producto\/muselinas\/#breadcrumb"},"inLanguage":"en-GB","potentialAction":[{"@type":"ReadAction","target":["https:\/\/sewmom.es\/producto\/muselinas\/"]}]},{"@type":"ImageObject","inLanguage":"en-GB","@id":"https:\/\/sewmom.es\/producto\/muselinas\/#primaryimage","url":"https:\/\/sewmom.es\/wp-content\/uploads\/2023\/08\/muselina-sewmom.jpg","contentUrl":"https:\/\/sewmom.es\/wp-content\/uploads\/2023\/08\/muselina-sewmom.jpg","width":1080,"height":1080},{"@type":"BreadcrumbList","@id":"https:\/\/sewmom.es\/producto\/muselinas\/#breadcrumb","itemListElement":[{"@type":"ListItem","position":1,"name":"Portada","item":"https:\/\/sewmom.es\/"},{"@type":"ListItem","position":2,"name":"Tienda","item":"https:\/\/sewmom.es\/tienda\/"},{"@type":"ListItem","position":3,"name":"Muselinas"}]},{"@type":"WebSite","@id":"https:\/\/sewmom.es\/#website","url":"https:\/\/sewmom.es\/","name":"sewmom","description":"Ropa personalizada para beb&eacute;s","publisher":{"@id":"https:\/\/sewmom.es\/#organization"},"potentialAction":[{"@type":"SearchAction","target":{"@type":"EntryPoint","urlTemplate":"https:\/\/sewmom.es\/?s={search_term_string}"},"query-input":{"@type":"PropertyValueSpecification","valueRequired":true,"valueName":"search_term_string"}}],"inLanguage":"en-GB"},{"@type":"Organization","@id":"https:\/\/sewmom.es\/#organization","name":"sewmom","url":"https:\/\/sewmom.es\/","logo":{"@type":"ImageObject","inLanguage":"en-GB","@id":"https:\/\/sewmom.es\/#\/schema\/logo\/image\/","url":"https:\/\/sewmom.es\/wp-content\/uploads\/2023\/06\/cropped-sewmom.png","contentUrl":"https:\/\/sewmom.es\/wp-content\/uploads\/2023\/06\/cropped-sewmom.png","width":413,"height":118,"caption":"sewmom"},"image":{"@id":"https:\/\/sewmom.es\/#\/schema\/logo\/image\/"}}]}</script>
<!-- / Yoast SEO plugin. -->

Algodón fino, suave y ligero.   Dos medidas disponibles:   80 x 80 PRECIO 25€   55 x 55 PRECIO 19€  Complemento estrella en verano ya que tiene múltiples usos... Colocándola por encima de la capota del cochecito en sus siestas de paseo, en los momentos tranquilos de las tomas, y como no, muy empleada en la técnica del arrullo, consiste en envolverle de forma completa exceptuando su cabecita.  Arrullar al bebé es, sobre todo, ayudarl@ a adaptarse a su nuevo entorno y apoyarle en esa transición. Le ayudará a relajarse y calmarse aportando seguridad y protección.  COMPOSICIÓN Y CUIDADOS   Tejido 100% algodón orgánico con certificado Oekotex.  Lavar a mano o a máquina máximo a 30°C en programa para prendas delicadas.  Planchar a temperatura baja. No usar lejías.
